 4*m. What are the prime factors of m?
7, 23
Suppose 0 = -2*g - 4*f + 790, 3*g + 4*f = -0*f + 1183. What are the prime factors of g?
3, 131
Let y be (-7)/(98/(-54)) - (-1)/7. Suppose 5*c + 40 = b - 10, -y*c = 16. What are the prime factors of b?
2, 3, 5
Let p(r) = 2*r**2 + 15*r - 34. List the prime factors of p(-32).
2, 13, 59
Suppose -q = 2*i - 266 - 168, 2*q - 863 = i. What are the prime factors of q?
2, 3
Let g(d) = -d**3 - 12*d**2 - 13*d - 28. Suppose 14*f - 4*f + 120 = 0. List the prime factors of g(f).
2
Let k be 1/10 - 10659/190. Let d = -48 - k. What are the prime factors of d?
2
Let y = 16 - 10. Let p be (-1)/(1*(-5)/15). Let k = p + y. List the prime factors of k.
3
Suppose 0 = 4*b + 4*p - 10032, -b + 1394 = 4*p - 1126. What are the prime factors of b?
2, 313
Suppose 24 = -3*o + 2*u + 4, 0 = -5*o - 5*u. What are the prime factors of ((-422)/o)/((-26)/(-52))?
211
Let q(n) = -n + 4. Let a be q(-4). Suppose y - 3*y + a = 0. List the prime factors of y.
2
Let y(a) = -2*a**2 + 160*a + 22. What are the prime factors of y(34)?
2, 3, 5, 7
Suppose 0*d - 2*k - 998 = -4*d, 980 = 4*d + 4*k. What are the prime factors of d?
2, 31
Let d be 21/(-14)*14/3. Let n = 8 + d. List the prime factors of n/((-20)/68)*-5.
17
Let f = 1403 + -801. List the prime factors of f.
2, 7, 43
Let p(x) = 6*x**3 - 7*x**2 - 4. Let i be p(6). Suppose 11*z = 21*z - i. What are the prime factors of z?
2, 13
Suppose 4*r - b - 11336 = -3627, -5*r = -b - 9635. What are the prime factors of r?
2, 3, 107
Suppose -5*y = -l - 21719, 22367 - 644 = 5*y + 3*l. What are the prime factors of y?
2, 3, 181
Let h be (10/6)/(2/6). Let x(r) = 28*r + 89. Let g be x(-3). Suppose 2*t = -g*m - 3*t + 45, -2*m - h*t = -15. List the prime factors of m.
2, 5
Let l(p) = 2*p**3 - 2*p**2 - 2*p + 3. Let n(r) = -r**2 + 8*r + 2. Let u be n(8). Let j be l(u). Let a = j + -5. What are the prime factors of a?
2
Let g be (-32)/6*(0/(-3) + -204). Suppose 0 = -56*u + 60*u - g. What are the prime factors of u?
2, 17
Let y(z) = 2*z + 4*z - 14 - 2*z. Let q be y(4). Suppose -q*v = v - 4*b - 112, -2*b = 4*v - 164. List the prime factors of v.
2, 5
Let l(m) = 0*m**2 + 30 - 48 + 17*m + 3*m**2 - 4*m**2. List the prime factors of l(6).
2, 3
Let z = -9 + 12. Suppose -32 = 4*b + l, b + 5 + z = -l. Let r(d) = d**3 + 7*d**2 - 11*d - 2. What are the prime factors of r(b)?
2, 11
Suppose 25712 = 5*d + 11*d. List the prime factors of d.
1607
Let f(j) be the first derivative of 29*j**2/2 - 5*j - 40. Suppose -2*v = 2*v - 8. List the prime factors of f(v).
53
List the prime factors of 6/(-18) - 4141/(-3).
2, 3, 5, 23
What are the prime factors of (90 - -1)/(9 + -8)?
7, 13
Let o(h) = h**3 + 15*h**2 - 16*h - 22. List the prime factors of o(-12).
2, 7, 43
Let y = -26 + 21. Let j(b) = -b**3 - 2*b**2 - 5*b - 4. List the prime factors of j(y).
2, 3
Let m be (-12067)/(-33) + (-2)/3. Suppose 4*v + 13 = m. Suppose 4*r - v = -5*w, 0*w - 4*w + 22 = r. What are the prime factors of r?
2, 11
Let q(c) = -7*c**3 + 10*c**2 - 24*c - 30. Let b(d) = -4*d**3 + 5*d**2 - 12*d - 15. Let x(t) = 5*b(t) - 3*q(t). List the prime factors of x(7).
197
Suppose 175 = c - 0*c. Suppose -c + 3 = -2*m. List the prime factors of m.
2, 43
Suppose -8*f + 8249 + 5479 = 0. List the prime factors of f.
2, 3, 11, 13
Let b be 9/2*(-24)/(-18). Suppose -3*g + 21 = b. Suppose g*z + 106 = 3*f + z, -4*f + 5*z + 140 = 0. List the prime factors of f.
2, 3, 5
Suppose -3*p + 0 - 9 = 0. Let n be p + 6 - (0 - 209). Let r = n - 148. List the prime factors of r.
2
Let u(g) = -23 + 6 + 0*g + 5*g. Let a be 14/6 + 2/3 - -4. What are the prime factors of u(a)?
2, 3
Let c(q) = -4*q**2 + 3*q - 4. Let b(k) = -k - 5. Let g be b(-8). Let i be c(g). Let x = i - -42. List the prime factors of x.
11
Let z = 961 + -67. List the prime factors of z.
2, 3, 149
Suppose -4*b + 3*b - 1 = 0. Let y(u) = -25*u**3 - 2*u**2 + 1. List the prime factors of y(b).
2, 3
Let f be 4/10 + 322/70. Suppose 0 = -f*i - 3*r - 23, i + 3 = 2*r + 1. What are the prime factors of (-24)/(-9)*(-18)/i?
2, 3
Let q(y) = y**2 + 6*y. Let u = -5 - -7. Suppose -3*t = 3, -13 = -u*m + 4*m - 5*t. List the prime factors of q(m).
3
Let q(z) = 47*z**3 + 10*z**2 - 22*z + 42. List the prime factors of q(4).
2, 7, 223
Let v be (-580)/(-6)*((-20)/25 - -2). Let y = v - 27. List the prime factors of y.
89
Let z be (-4 - -4)*(3/(-6) + 1). Suppose z = -6*y + 305 - 65. What are the prime factors of y?
2, 5
Suppose 14*m = 11*m - j + 7316, m = -j + 2438. What are the prime factors of m?
3, 271
Let o(m) = 10*m - 10. Let w(t) = -15*t + 8. Let c(j) = -5*j + 3. Let y(r) = -14*c(r) + 4*w(r). Let f(z) = -3*o(z) + 4*y(z). What are the prime factors of f(4)?
2, 3, 5
Let o be 57/19 - (0 + -1). Suppose -o*u - 553 = -65. What are the prime factors of 4/(-12)*(u + -1)?
41
What are the prime factors of 2195 - (-9 - 9/(-1))?
5, 439
Let o = -96 + 389. List the prime factors of o.
293
Let h be (-402)/8*(-96)/18. List the prime factors of (h/6)/((-4)/(-6)).
67
Suppose 4*j - 579 = -5*w + 2*j, -3*w + 355 = 5*j. Suppose -w = 3*u + 2*u. List the prime factors of -6*1*u/2.
3, 23
List the prime factors of (-5733)/(-78) - (10/(-4) - -1).
3, 5
Let f = 13 + 14. Suppose 2*q + f = -3*v + 123, 0 = 2*v + 4. Suppose 2*a + 5*m = 43 + q, -a = -4*m - 47. What are the prime factors of a?
47
Let i = 4837 - 1631. What are the prime factors of i?
2, 7, 229
Suppose -17 = -4*z + 7. Suppose 0 = z*k - 136 - 110. What are the prime factors of k?
41
List the prime factors of (21 + 2)/(3 + (-32)/11).
11, 23
Suppose -2*n - 5 = -3*n. Suppose -9 = -3*m, t - 3*m - n = 1. List the prime factors of t.
3, 5
Suppose -2*y + 5*t = -226, 0 = 2*y - 10*t + 11*t - 226. List the prime factors of y.
113
Suppose 0 = -5*q - c + 468, -5*c - 78 = -5*q + 4*q. What are the prime factors of q?
3, 31
Suppose 242 = 4*m - h - 0*h, 0 = -2*m + h + 120. Suppose 2*b - 3*b + m = 0. List the prime factors of b.
61
Suppose 0 = 5*p - 34 - 41. Suppose 0 = 5*w + 4*c - 122 - 673, -3*c = p. What are the prime factors of w?
163
Let m be 0 + 0 + (1 - -7). List the prime factors of m/(-12)*(-88 + -2).
2, 3, 5
Suppose 5*f + 190 = 5*s, 4*s - 4*f = s + 115. Suppose 5*t + 1 = -19, 0 = -4*n + 5*t - 44. Let o = n + s. What are the prime factors of o?
3, 7
Suppose 2367 + 3417 = 8*u. List the prime factors of u.
3, 241
Suppose -2*c = 2*d - 5*c - 579, 5*d - 1437 = 4*c. List the prime factors of d.
3, 5, 19
Let s(z) = 4*z**2 + 4*z + 21. List the prime factors of s(4).
101
Suppose 0*d - 6 = -d + v, -5*d - 5*v + 20 = 0. Suppose d*y + a - 2*a = -555, 5*a + 361 = -3*y. What are the prime factors of (-106)/(-14) + 64/y?
7
Let y(h) = -h**3 + 10*h**2 + 4*h + 96. What are the prime factors of y(-13)?
3931
Let u(y) = 3*y + 30. Let h be u(-13). Let g = h - -23. What are the prime factors of g?
2, 7
Let q be (-12)/(-54) - (-87)/(-27). What are the prime factors of 77 + q - (2 + -5)?
7, 11
Suppose -289 - 189 = -g - 3*q, 0 = 2*q - 6. List the prime factors of g.
7, 67
Let n = 12 - 7. Suppose -30 - 10 = -n*r. Suppose 3*z = r*z - 130. What are the prime factors of z?
2, 13
Suppose 0 = 2*k + 35 - 547. Let j = 393 - k. What are the prime factors of j?
137
Let m = 40 - 35. Suppose 5*t + 4*j - 865 = 0, -3*j = -m*j. List the prime factors of t.
173
Let f = -86 - -58. Let r = f + 87. Suppose 2*p - r = 3*s, p + 0*p - s - 28 = 0. List the prime factors of p.
5
Let j be 15/6*(-3 + 13). List the prime factors of (j/10 - 4)/(3/(-20)).
2, 5
Suppose -16*o = -19*o + 6. What are the prime factors of 30*o/(-6)*-1?
2, 5
Let c(w) = -w**3 + w**2 + 2*w. Let s be c(2). Suppose z - 9 - 61 = -p, s = -3*z + p + 194. Suppose -21 = -3*o + z. List the prime factors of o.
29
Suppose 10*k + 14 = 2*o + 11*k, 10 = -2*o + 5*k. Suppose 3*s + 265 = o*c + 7*s, 4*c - 2*s - 212 = 0. What are the prime factors of c?
53
Let n = 17 + -15. Let u(p) = -10*p + p**2 - 31 + 23 + 0*p**n. What are the prime factors of u(12)?
2
Let k = 60 + 81. Suppose -3*n + k + 243 = 0. What are the prime factors of n?
2
Suppose -5*v + 2290 = -16*k + 14*k, -480 = -v - 4*k. What are the prime factors of v?
2, 5, 23
Suppose -1410*i - 10017 = -1417*i. What are the prime factors of i?
3, 53
Suppose 2*f - 4*f + 4*k = -66, -f + 4*k = -41. Suppose -4*t = -f - 39. What are the prime factors of t?
2
Let q = 578 + -188. Suppo